hat is n(-99)?
-2858
Let s(q) = 8*q**2 + 238*q + 1311. Calculate s(-24).
207
Let c(d) = -d**3 + 2*d**2 + 5*d - 8. Calculate c(4).
-20
Let w(a) = -a**2 + 389*a + 116231. What is w(-198)?
5
Let d(z) = z**2 + 283*z + 16373. What is d(-202)?
11
Let l(d) = -275434*d - 4131506. Give l(-15).
4
Let w(y) = 43011*y - 473074. Give w(11).
47
Let r(i) = 200417*i - 37077150. Determine r(185).
-5
Let k(d) = -4*d**3 + 414*d**2 - 308*d + 10520. Calculate k(103).
14
Let n(s) = s**3 - 1434*s**2 - 687*s - 1073383. Calculate n(1435).
-3
Let b(k) = 131*k**2 + 2600*k - 7799. Give b(3).
1180
Let y(q) = -239508*q + 479019. Determine y(2).
3
Let d(m) = -3*m**2 - 207*m - 4240. Calculate d(-75).
-5590
Let b(f) = -2*f**3 - 35*f**2 + 14*f + 1551. Calculate b(-11).
-176
Let n(f) = -4*f**2 - 1316*f - 18914. Give n(-15).
-74
Let y(l) = -l**3 + 15*l**2 + 100*l - 1644. What is y(13)?
-6
Let g(n) = -349*n - 689. Give g(-2).
9
Let u(r) = -4*r**3 - 157*r**2 - 961*r - 1104. Calculate u(-32).
-48
Let y(z) = -4100*z + 20. Determine y(0).
20
Let n(k) = -506*k + 493. Calculate n(1).
-13
Let k(s) = -37830*s - 340474. Determine k(-9).
-4
Let o(l) = 54*l**2 + 5346*l - 397. Calculate o(-99).
-397
Let c(i) = 1938*i**2 - 406985*i + 1052. Calculate c(210).
2
Let h(r) = 12*r**2 - 7*r - 26. What is h(9)?
883
Let b(y) = 2*y**3 + 580*y**2 - 769*y - 54611. Give b(-291).
-194
Let i(h) = h**3 - 81*h**2 + 293*h + 1167. Calculate i(77).
12
Let h(b) = -6*b**2 + 1582*b + 30766. Calculate h(282).
-254
Let x(z) = z + 9. What is x(-3)?
6
Let y(k) = -10316*k + 123788. Give y(12).
-4
Let r(m) = -5793*m**2 + 191167*m + 78. Calculate r(33).
12
Let t(m) = -m**3 - 26*m**2 - 103*m - 70. What is t(-22)?
260
Let h(k) = 3*k**2 - 4881*k + 24329. Calculate h(5).
-1
Let i(v) = -62*v**2 + 6257*v + 6265. What is i(-1)?
-54
Let x(b) = 5*b**3 + 1315*b**2 + 17431*b - 11. Determine x(-14).
-25
Let n(b) = -3*b**2 - 37*b + 309. Give n(13).
-679
Let u(x) = 20*x**3 - 1779*x**2 + 34779*x - 236. Determine u(29).
-4
Let i(o) = -6958*o + 63848. Calculate i(9).
1226
Let n(c) = 7*c**3 - 7*c**2 + 21*c - 38. Calculate n(5).
767
Let a(x) = 8*x**2 + 16550*x + 66154. Calculate a(-4).
82
Let b(u) = u**3 - 37*u**2 - 187*u - 27. Calculate b(42).
939
Let v(b) = 40605*b - 446660. Determine v(11).
-5
Let u(a) = -2369*a - 329289. Determine u(-139).
2
Let g(k) = 21988*k + 329822. What is g(-15)?
2
Let f(w) = 10211*w + 20189. What is f(-2)?
-233
Let r(c) = -2294*c + 41723. Calculate r(18).
431
Let q(j) = 4*j**2 + 797*j - 4005. Give q(5).
80
Let u(h) = -4*h**2 - 187*h - 480. Calculate u(-46).
-342
Let z(s) = -108*s**2 + 1265*s - 23. Give z(12).
-395
Let s(x) = -230*x**3 - 2*x**2 + 19*x - 33. What is s(2)?
-1843
Let y(o) = o**3 - 3*o**2 - 516*o - 90. Calculate y(0).
-90
Let p(z) = -z**3 - 14*z**2 + 239*z + 2856. Calculate p(-10).
66
Let h(c) = 11797*c + 212565. What is h(-18)?
219
Let h(o) = 2594*o + 64860. Determine h(-25).
10
Let a(r) = -5*r**3 + 27*r**2 - 15*r - 51. Determine a(4).
1
Let r(x) = -x**3 + 24*x**2 + 117*x + 122. Calculate r(-4).
102
Let j(s) = 2*s**3 - 97*s**2 - 289*s + 12015. Determine j(49).
255
Let g(r) = -6*r**2 + 699*r - 20158. Determine g(53).
35
Let h(w) = 41*w**2 - 122*w + 372. Determine h(3).
375
Let k(t) = 12559*t - 2901134. Give k(231).
-5
Let s(x) = 5*x**2 + 94*x + 135. Calculate s(-4).
-161
Let f(p) = -p**3 + 83*p**2 + 50*p + 2636. Calculate f(84).
-220
Let h(z) = -976*z - 1554765. Determine h(-1593).
3
Let l(b) = -33281*b + 133133. Calculate l(4).
9
Let n(g) = 20*g**2 - 1300*g - 11584. What is n(-9)?
1736
Let s(g) = -1371*g - 101076. What is s(-69)?
-6477
Let x(n) = 14361*n - 86005. What is x(6)?
161
Let x(i) = 1989*i + 6706. Determine x(-3).
739
Let a(k) = -4*k**3 + 83*k**2 - 130*k - 192. Give a(19).
-135
Let y(j) = 2274*j - 335799. Determine y(147).
-1521
Let v(q) = -670*q - 12039. What is v(-18)?
21
Let t(o) = -40516*o + 6968696. What is t(172)?
-56
Let h(b) = -b**3 + 27*b**2 + 348*b - 9096. What is h(27)?
300
Let b(h) = -h**3 + 82*h**2 - 79*h - 189. Give b(81).
-27
Let l(f) = -3*f**2 + 480*f + 42137. What is l(223)?
-10
Let h(y) = -1173*y - 17072. What is h(-15)?
523
Let n(t) = -27*t**2 - 226*t + 32. Determine n(-12).
-1144
Let v(j) = 15*j**2 - 1549*j - 15473. Calculate v(-10).
1517
Let v(u) = 102912*u + 617477. What is v(-6)?
5
Let a(h) = -144*h**3 - 1122*h**2 + 286*h + 373. What is a(-8)?
5
Let w(a) = 2*a**3 - 81*a**2 - 1001*a + 49. What is w(-10)?
-41
Let o(m) = -m**2 - 368*m - 20919. Give o(-70).
-59
Let n(w) = -2*w**2 + 68*w - 730. Calculate n(13).
-184
Let w(h) = 38858*h**2 - 155407*h - 101. Determine w(4).
-1
Let u(s) = -19816*s**2 - 39498*s + 273. Calculate u(-2).
5
Let j(a) = -353956*a - 2831652. Determine j(-8).
-4
Let r(l) = -393290*l - 393329. Calculate r(-1).
-39
Let x(b) = -314*b + 5519. Determine x(10).
2379
Let r(s) = s**3 + 136*s**2 + 4140*s + 5. Give r(-46).
5
Let x(z) = -22*z**2 - 2712*z - 36. Give x(0).
-36
Let u(n) = -n**2 + 5825*n - 179615. Determine u(31).
-1
Let g(s) = s**3 - 77*s**2 - 268*s - 247. Calculate g(-2).
-27
Let j(n) = -363*n**2 + 21798*n - 1081. What is j(60)?
-1
Let a(g) = 69*g**2 - 1556*g - 3104. Calculate a(-2).
284
Let z(f) = -16821*f - 319753. Give z(-19).
-154
Let t(d) = 108931*d + 871459. Give t(-8).
11
Let v(c) = c**3 + 104*c**2 - 148*c - 4330. What is v(-105)?
185
Let u(v) = -31*v**2 + 2239*v + 1762. Calculate u(73).
10
Let z(v) = -1012*v**2 + 90079*v - 959. What is z(89)?
20
Let w(o) = -o**2 - 55071*o - 495536. What is w(-9)?
22
Let s(k) = 2*k**2 - 2377*k - 31176. Give s(-13).
63
Let g(i) = 348*i + 6681. Calculate g(-19).
69
Let l(u) = 16*u**2 - 321*u + 2163. Calculate l(15).
948
Let b(t) = -6*t**2 + 1773*t + 15505. Calculate b(304).
1
Let f(h) = -8*h**2 + 341*h - 693. Determine f(44).
-1177
Let o(h) = 8392*h - 83917. Calculate o(10).
3
Let y(p) = 2*p**3 + 91*p**2 - 45*p - 11180. What is y(-43)?
0
Let y(s) = -s**3 + 39*s**2 - 172*s + 75. Calculate y(34).
7
Let t(o) = 335*o + 13529. Determine t(-42).
-541
Let m(j) = j**3 + 8*j**2 - 6219*j + 634. Determine m(-83).
136
Let o(g) = g**3 - 30*g**2 + 35*g + 3. Calculate o(25).
-2247
Let l(o) = -1903*o + 395254. Calculate l(208).
-570
Let i(o) = -o**2 + 351*o + 2848. Calculate i(359).
-24
Let j(k) = 537*k + 4553. Calculate j(-5).
1868
Let j(a) = 146076*a - 146027. Determine j(1).
49
Let w(k) = -5*k**3 + 11*k**2 + 681*k - 689. What is w(1)?
-2
Let t(b) = 1647*b - 9952. What is t(6)?
-70
Let s(c) = -148752*c - 5503831. What is s(-37)?
-7
Let u(f) = -12*f**2 + 15*f + 582. Give u(8).
-66
Let n(f) = 986*f - 6631. Give n(7).
271
Let z(b) = 20*b**2 + 247*b - 247. Determine z(1).
20
Let v(d) = -d**3 - 83*d**2 - 606*d - 411. Give v(-75).
39
Let a(q) = q**3 - 111*q**2 + 114*q + 15. Determine a(110).
455
Let h(n) = -n**3 - 39*n**2 + 9466*n + 369169. Determine h(-39).
-5
Let j(b) = -28*b - 2507. Give j(-78).
-323
Let j(u) = -17572*u + 210874. Calculate j(12).
10
Let p(y) = 18767*y + 33667997. What is p(-1794)?
-1
Let k(c) = -1530*c + 162943. Determine k(107).
-767
Let s(i) = -33*i**2 + 11*i + 761. Determine s(5).
-9
Let i(h) = h**3 + 48*h**2 + 363*h + 71. Determine i(-37).
1699
Let w(b) = -108*b + 35086. What is w(325)?
-14
Let s(x) = -18*x**2 - 2929*x + 216906. Determine s(-218).
-4
Let s(v) = -5*v**2 + 239*v - 2117. Calculate s(36).
7
Let v(z) = -10*z**3 + z**2 - 24*z + 30. Give v(5).
-1315
Let o(g) = 67*g - 5462. What is o(75)?
-437
Let t(l) = 2*l**2 + 216636*l + 1516426. Determine t(-7).
72
Let i(f) = -24*f**3 + 3*f**2 + 50*f + 163. What is i(-3)?
688
Let w(c) = -3*c**2 + 3650*c + 34334. Give w(1226).
6
Let o(u) = 184*u**3 - 789*u**2 - 5471*u + 63. What is o(8)?
7
Let a(r) = -2*r**2 - 82*r + 2125. Give a(28).
-1739
Let h(m) = 2*m**3 - 5*m**2 - 285*m + 1458. What is h(5)?
158
Let y(r) = r**3 + 130*r**2 - 2997*r + 184. Calculate y(-150).
-266
Let p(m) = -4*m**2 - 3646*m + 85970. Calculate p(23).
-4
Let z(k) = 1253*k**2 - 6586*k - 10. Give z(5).
-1615
Let l(k) = 109588*k - 657449. Determine l(6).
79
Let d(f) = f**2 + 1545*f - 339279. Determine d(195).
21
Let v(j) = 3449670*j - 24147686. Give v(7).
4
Let l(k) = k**3 + 192*k**2 + 3643*k + 8891. Calculate l(-171).
-1
Let y(j) = 155211*j + 28403608. Give y(-183).
-5
Let s(i) = 2*i**2 + 28711*i + 4205413. Determine s(-148).
-7
Let n(y) = 172*y**2 - 39*y - 7. What is n(-3)?
1658
Let c(t) = 3